est common divisor of 9516 and 23127?
39
What is the highest common factor of 33222 and 243726?
294
Calculate the greatest common divisor of 25 and 1142255.
5
Calculate the highest common factor of 141895 and 13865.
295
Calculate the highest common factor of 621914 and 99395.
103
Calculate the highest common factor of 832219 and 152.
19
What is the greatest common factor of 84212 and 31524?
148
What is the greatest common factor of 30300 and 569460?
60
Calculate the highest common divisor of 11142350 and 4150.
50
What is the greatest common factor of 514195066 and 5082?
1694
Calculate the greatest common divisor of 4712 and 300841174.
1178
What is the greatest common divisor of 57060 and 8412?
12
What is the highest common divisor of 41734761 and 861?
123
What is the greatest common divisor of 4137084 and 294?
42
Calculate the greatest common divisor of 449 and 196594201.
449
Calculate the greatest common divisor of 19872748 and 476.
28
Calculate the highest common divisor of 990256 and 108560.
944
What is the greatest common factor of 1844 and 2342?
2
What is the greatest common factor of 493760 and 19360?
160
Calculate the greatest common factor of 138496566 and 702.
78
What is the greatest common divisor of 47388868 and 5176?
2588
Calculate the highest common divisor of 58808268 and 104652.
6156
Calculate the highest common factor of 10474 and 3125.
1
Calculate the highest common factor of 6640384 and 54016.
256
Calculate the greatest common factor of 51350 and 21182902.
2054
Calculate the greatest common factor of 777663 and 1676949.
213
Calculate the greatest common factor of 1813 and 15267469.
49
What is the greatest common factor of 73 and 482205?
1
What is the greatest common divisor of 1620 and 47900?
20
What is the highest common divisor of 22032 and 189261?
153
What is the greatest common factor of 294362 and 34429246?
5554
Calculate the highest common factor of 154066562 and 130.
26
Calculate the highest common divisor of 6962990 and 24510.
430
Calculate the greatest common factor of 196042836 and 1254.
1254
Calculate the highest common factor of 369645 and 35625.
285
What is the highest common divisor of 392746 and 789321?
547
What is the greatest common factor of 25308 and 738720?
684
Calculate the greatest common divisor of 4295 and 340.
5
What is the greatest common factor of 701847 and 1413?
9
Calculate the greatest common divisor of 28128 and 641280.
96
Calculate the greatest common factor of 4519730 and 4730.
430
Calculate the greatest common divisor of 56275187 and 2892.
241
Calculate the greatest common divisor of 212 and 24492148.
212
Calculate the greatest common factor of 8908 and 2970294.
262
What is the highest common divisor of 266 and 4623916?
38
Calculate the greatest common factor of 1834606403 and 10702.
5351
Calculate the highest common divisor of 123411534 and 510.
102
What is the greatest common factor of 514009101 and 3831?
3831
What is the greatest common factor of 1728 and 26540352?
1728
Calculate the highest common divisor of 491557300 and 19620.
2180
What is the greatest common divisor of 948421 and 2183?
37
What is the greatest common factor of 65532 and 22194?
6
Calculate the highest common divisor of 750199 and 268.
67
What is the greatest common factor of 2316 and 81930044?
772
What is the highest common factor of 15580 and 465860?
20
What is the greatest common divisor of 43316164 and 872?
436
Calculate the greatest common divisor of 102 and 1822196.
34
Calculate the highest common divisor of 25 and 39492545.
5
Calculate the highest common divisor of 14340 and 2202780.
60
What is the greatest common divisor of 10 and 65788615?
5
Calculate the highest common factor of 1586680 and 640.
40
What is the highest common divisor of 1683984 and 150?
6
Calculate the greatest common divisor of 56348424 and 984.
24
What is the highest common divisor of 87543 and 558273?
213
Calculate the highest common factor of 21645070 and 690.
230
What is the greatest common factor of 1020 and 257200140?
1020
Calculate the highest common factor of 12715745 and 2414.
1207
Calculate the greatest common factor of 225645 and 7105.
245
What is the greatest common divisor of 143340714 and 185473?
5983
What is the greatest common divisor of 530399 and 535?
107
What is the greatest common divisor of 240462 and 142451470?
8906
Calculate the greatest common divisor of 1411066727 and 14.
7
Calculate the greatest common factor of 165270 and 246.
6
Calculate the greatest common divisor of 55731855 and 75.
15
What is the highest common divisor of 1117144297 and 28162?
14081
What is the highest common factor of 3280958 and 38?
38
Calculate the highest common divisor of 31740672 and 4144.
592
Calculate the greatest common factor of 273 and 10051678.
91
Calculate the highest common divisor of 135 and 681913080.
135
Calculate the highest common divisor of 26735517 and 54087.
447
What is the greatest common factor of 157995 and 34245?
45
Calculate the greatest common divisor of 1548 and 393623892.
1548
What is the greatest common divisor of 216098 and 195056?
334
What is the highest common factor of 8568744 and 168?
24
What is the highest common divisor of 120356236 and 2860?
572
Calculate the greatest common divisor of 1776 and 617184.
48
What is the greatest common divisor of 22 and 350853998?
22
What is the highest common divisor of 5257 and 1998927?
7
What is the highest common divisor of 1255992 and 1680?
24
What is the greatest common factor of 29530321 and 391?
23
What is the greatest common divisor of 6981236 and 184?
92
What is the greatest common divisor of 2438677 and 8921?
811
What is the highest common factor of 512615 and 3590?
5
Calculate the greatest common divisor of 1404707 and 46201.
983
Calculate the highest common factor of 3917523 and 232841.
1073
What is the greatest common divisor of 36590469 and 321?
321
What is the highest common divisor of 10837305 and 765?
45
What is the greatest common factor of 4194 and 810072?
18
What is the greatest common divisor of 95 and 7784870?
95
What is the highest common factor of 8007 and 194796965?
2669
Calculate the highest common factor of 15947008 and 3136.
448
What is the greatest common divisor of 109245556 and 84?
28
What is the highest common divisor of 104 and 5176678?
26
What is the greatest common divisor of 96 and 315303792?
48
What is the highest common divisor of 7018741 and 961?
31
Calculate the highest common factor of 142410 and 681735.
705
What is the greatest common factor of 211384590 and 2796?
1398
Calculate the highest common factor of 1531324 and 4.
4
What is the highest common divisor of 27405 and 441315?
945
What is the greatest common factor of 57 and 311438063?
19
Calculate the highest common factor of 6466965 and 705.
705
Calculate the highest common factor of 26496 and 13472388.
828
Calculate the highest common divisor of 43632231 and 1146.
573
What is the greatest common divisor of 700769 and 2490?
83
Calculate the greatest common factor of 7821672 and 4464.
744
Calculate the greatest common divisor of 204700 and 1181119.
2047
Calculate the highest common factor of 49320 and 26406.
18
What is the greatest common divisor of 4355 and 61555?
65
What is the greatest common divisor of 308134 and 94?
2
Calculate the greatest common divisor of 1701 and 154467.
81
What is the greatest common factor of 2149323 and 682?
341
Calculate the highest common factor of 3 and 23667018.
3
What is the highest common divisor of 14839 and 6346?
19
What is the highest common divisor of 52832 and 85433408?
4064
Calculate the greatest common factor of 342378 and 1135395.
207
What is the greatest common divisor of 2475 and 2761425?
225
Calculate the greatest common divisor of 435 and 48857373.
87
Calculate the greatest common factor of 938061 and 2257.
37
What is the highest common factor of 693344 and 67022?
94
Calculate the greatest common factor of 600679 and 2537.
59
Calculate the highest common divisor of 17182 and 57794.
1562
Calculate the greatest common divisor of 34788 and 259509783.
8697
What is the greatest common divisor of 5030974 and 234?
26
Calculate the highest common divisor of 36118 and 683.
1
What is the greatest common factor of 9327627 and 621?
207
Calculate